tors of b.
653
What are the prime factors of 2532/2 + (11 + -28 - -23)?
2, 3, 53
Let f(x) = -x**2 + 4*x + 10. Let r be f(5). Suppose -2*j = 2*w, r*j + 4 = 2*w + 32. Suppose -j*q + 162 = 30. What are the prime factors of q?
3, 11
Suppose -2*c + 570 = -4*r, -196 = 3*r - 5*c + 221. Let m = 108 + r. List the prime factors of ((-34)/(-3))/((-2)/m).
2, 3, 17
Let s = 18857 + -4396. What are the prime factors of s?
14461
Suppose w - 13*w = 19*w - 20894. List the prime factors of w.
2, 337
Let s = 29 - 25. Suppose 5*a + 890 = 5*w, 4*a + a - 694 = -s*w. What are the prime factors of (w/10)/(16/40)?
2, 11
Let h be (-1)/(1*3/3 + -2). Let u be (-22)/h*(-1)/2. Let b = 31 - u. List the prime factors of b.
2, 5
Let n = 7891 + -4195. List the prime factors of n.
2, 3, 7, 11
Suppose 3*r + 2 = -2*r - 3*x, 0 = -4*r + 5*x - 9. Let o be (-1170)/(-22) - (r + (-39)/(-33)). Let c = 69 - o. List the prime factors of c.
2
Suppose 4*s - 4 = 6*s. Let g be -13 + 9 - (-3 - s). Let i(m) = -5*m**3 - 3*m**2 - 9*m - 7. List the prime factors of i(g).
2
Let x(f) = -2*f - 2*f - 315*f**2 + 400*f**2 + f. What are the prime factors of x(-2)?
2, 173
Suppose 17*s - 12 = 19*s. Let a be (3/s)/(2/(-776)) + 2. Suppose -d + 5*d = -2*b + 442, a = b - 3*d. List the prime factors of b.
211
Suppose -35256 = -59*z + 30116. What are the prime factors of z?
2, 277
Let h(v) = 82*v + 6. Suppose -2*b - 2*q = -20, 3*q + 5 = 5*b - q. Suppose 3 = -2*z - b, -10 = -a + 2*z. What are the prime factors of h(a)?
2, 5, 17
Let k(n) = -18*n - 211. Let q be k(-33). Let g = q - -190. What are the prime factors of g?
3, 191
Let n = 73483 + -52154. List the prime factors of n.
7, 11, 277
List the prime factors of (35608 + (-10 - -5))*5*(-14)/(-70).
35603
Let q be -21 + 0 + (-1)/((-4)/4). Let g be q/(-5)*(-129)/(-3). Suppose -5*l = -l - g. What are the prime factors of l?
43
Let o(s) = -4*s**2 - 81*s - 24. Let j be o(-20). What are the prime factors of (6/j)/(20/(-4840))?
3, 11
List the prime factors of (-130435)/(50/(-200) - (-9)/(-4)).
2, 19, 1373
What are the prime factors of (-331376)/(-56) + (-63)/147?
61, 97
Suppose i = -5*h + 427 + 167, i = 4. Let v be (-36680)/(-88) + (-4)/(-22). Suppose 0 = 5*y - v - h. List the prime factors of y.
107
Let r(w) = -3*w**2 - 11*w + 3. Let h be r(-4). Let c be -4 + (h - -1) + 34. Suppose -26*g = -c*g + 368. List the prime factors of g.
2, 23
Let b(z) = 2*z**2 - 3*z + 10. Let a(g) = 5*g**2 - 7*g + 21. Let j(y) = -4*a(y) + 9*b(y). List the prime factors of j(0).
2, 3
Suppose -4*z + 129594 = 2*g, -2*g + 2*z = -22806 - 106782. What are the prime factors of g?
5, 12959
Let y = 8163 + 20093. List the prime factors of y.
2, 883
What are the prime factors of 3605/(-315)*-2406 + 2*(-2)/12?
5, 5507
Let t(a) = -575*a**3 + 5*a**2 + 5*a + 1. Suppose 8 = 19*g + 27. What are the prime factors of t(g)?
2, 3
Let j(k) = -k - 8. Let r be j(-6). Let z be (1 + (-1)/r)*54. Let b = z - -35. What are the prime factors of b?
2, 29
Let l = 7225 + -3743. Suppose 0 = 3*o - l + 1085. What are the prime factors of o?
17, 47
Suppose 3*j + 4*o - 1650 = 162, 3*j - 5*o - 1785 = 0. List the prime factors of j.
2, 3, 5
Let i(y) be the first derivative of -1/3*y**3 + 13 - 9/2*y**2 + 22*y. What are the prime factors of i(-10)?
2, 3
Suppose -4*v = 14 + 6. Let r be 1 + v/((-15)/6). Suppose r*s = 41 + 61. List the prime factors of s.
2, 17
Let v = 4754 - 2052. What are the prime factors of v?
2, 7, 193
What are the prime factors of (-46005)/12*(-320)/200?
2, 3067
Suppose -2*t + 14115 = 5*k, 201*k = t + 205*k - 7062. List the prime factors of t.
2, 3, 5, 47
Suppose 7 = q + 3. Suppose -4*w = -8*w - i + 11, -q*w + 2*i + 14 = 0. What are the prime factors of (4*26)/1*(w - 2)?
2, 13
Let x be (45/(-10) - -2)*-2. Let h(r) = 11*r**2 + 7. List the prime factors of h(x).
2, 3, 47
Suppose 299*g + 8982 = 302*g. Suppose -8577 = -19*t + g. List the prime factors of t.
3, 7, 29
Suppose 2*h + 4*c = -0*h - 76, 4*h + 142 = 2*c. Let i be 44/h + (-4)/(-18). What are the prime factors of 68/(2 + (i - -1))?
2, 17
Let a(z) = z**3 + 26*z**2 - z - 362. List the prime factors of a(25).
2, 3, 41
Suppose 3*x = 76*j - 74*j + 4112, x - 4*j = 1354. List the prime factors of x.
2, 3, 229
Suppose -41060 = -44*s - 1240. What are the prime factors of s?
5, 181
Suppose 0 = 4*t + 5*b - b - 5676, -5*t + 7101 = 3*b. Suppose -2*u + t = -0*u. Suppose 4*x + 143 = u. List the prime factors of x.
2, 71
Let v(i) = -i**3 + 13*i**2 - i + 18. Let u be v(13). Suppose -2*x - 3 = 5*k, -k - 4*x = -u + 20. List the prime factors of (k + -189)*(100/16)/(-5).
5, 47
Let r(m) be the second derivative of 0 + 49/3*m**3 - 45*m - 8*m**2. What are the prime factors of r(3)?
2, 139
Let w be (152/(-57))/(1616/(-807) + 2). Let y = -496 + w. List the prime factors of y.
2, 5, 29
Suppose 6*x - x - 423 = 3*k, -2*x + 2*k + 170 = 0. Suppose -9*f + x = -3*f. List the prime factors of f.
2, 7
Suppose -3*b = -w + 3, 0*b - 4*w = -3*b - 12. Suppose b = 9*n - 940 - 2849. List the prime factors of n.
421
Suppose f + 6 = h, 1 = -f + 3. Let v be (h + -1 + -2)*189/45. List the prime factors of 552/v + (-4)/42*3.
2, 13
Suppose -y + 29887 = q, 149395 = 28*q - 23*q - 3*y. What are the prime factors of q?
2, 67, 223
Let s = 26507 + -12238. What are the prime factors of s?
19, 751
Let n be (-4153 + 0)/(5*8/(-40)). Suppose -7*f + 5*c = -4*f - n, -c + 6875 = 5*f. List the prime factors of f.
2, 43
Let v be (1/(-2))/(-11 - 845/(-78)). Suppose n - 1644 + 62 = v*b, 6388 = 4*n + 3*b. What are the prime factors of n?
2, 797
Suppose -3*h = 4*o - 279092, 2*h = -96*o + 95*o + 186048. List the prime factors of h.
2, 5, 4651
Let x be (-23 + (-20)/(-4))*-2. Suppose -8*l = -6*l - x. Let b = 120 - l. List the prime factors of b.
2, 3, 17
Suppose -5*l + 20 = -t, -3*l + 52 = 5*t + 12. Suppose -2*k = -10, t*k + 225 = x + 2. What are the prime factors of x?
2, 31
Let d(p) = 7048*p + 4632. List the prime factors of d(5).
2, 7, 89
Let l be -4*(-3 - 3/(24/(-20))). Suppose -6*k = -l*k + 4*z - 836, 4*k + 2*z = 830. What are the prime factors of k?
2, 103
Suppose 213 - 27 = 5*m + 4*w, 0 = -m - 3*w + 46. Let h(a) = a**3 - 32*a**2 - 51*a + 11. List the prime factors of h(m).
19, 31
Let h(g) be the second derivative of 11*g**4/12 + g**3 - 17*g**2/2 - 13*g. What are the prime factors of h(6)?
5, 83
Let y(x) = -x**3 - 3*x**2 + 3*x. Let i be y(-4). Suppose -i*t + 138 = -454. What are the prime factors of t?
2, 37
Suppose 5*x + 5 = 4*m, 5*m = 4*m - x + 8. Suppose 552 = m*i - 4*h, -2*i - h + 207 = 2*h. List the prime factors of i.
2, 3
Let f(g) = 28*g**2 - 70*g - 13. What are the prime factors of f(16)?
5, 17, 71
Let z = -2210 + 7102. What are the prime factors of z?
2, 1223
Let k(t) = 122*t**3 - 3*t**2 + 15*t - 10. What are the prime factors of k(8)?
2, 3, 37, 281
Let z(r) = 6*r**2 + 6*r - 1387. List the prime factors of z(78).
5, 11, 647
Let w(i) = 32*i**2 + 120. What are the prime factors of w(16)?
2, 1039
Let k be -1*(4 + -3)*2 + 0. Let v be (k/(-4))/(3 + 159/(-54)). Suppose -v*x = -11*x + 74. List the prime factors of x.
37
Suppose -120*m + 371 = -113*m. Suppose 1 = 2*k - m. List the prime factors of k.
3
Let c be (610/(-30) - -5)*(-315)/(-6). Let s = c - -1026. List the prime factors of s.
13, 17
Let a(b) = -3*b**2 - 25*b + 22. Let y be a(-8). Suppose -y*k + 25*k + 1305 = 0. List the prime factors of k.
3, 29
Suppose -4*y = 5*p - 44294, -3*y + 0*y + 26577 = 3*p. Let l = p + -4087. List the prime factors of (2/(-12) + l/(-156))*-4.
3, 41
List the prime factors of (8 + -2 - 6)*2/(-4) - -2914.
2, 31, 47
Suppose 100257 = 3*s + 3*l, -4*s + l + 19298 = -114393. What are the prime factors of s?
2, 17, 983
Suppose 0 = -d - 1 + 4. Suppose 3*m + d*u - 57 = 0, 0*m - u = -3*m + 45. Suppose -18*j = -m*j - 90. List the prime factors of j.
3, 5
Let v = -6736 - -12898. What are the prime factors of v?
2, 3, 13, 79
Let v = 272 + -856. Let a be (-5 - 9/(-2))/(2/v). Suppose -2*g = 8 - a. What are the prime factors of g?
3, 23
Let l be ((2 - -6) + -11)/3. List the prime factors of 522 + (7 - l)*-1.
2, 257
Let y = -406 + 969. Let c = y + -209. What are the prime factors of c?
2, 3, 59
Let i = -158 - -184. Suppose i*s + 104 = 34*s. List the prime factors of s.
13
Let n(r) = -3*r + 3. Let h be n(2). Let z(l) be the first derivative of l**3/3 -